{"id":862,"date":"2018-08-29T14:10:14","date_gmt":"2018-08-29T17:10:14","guid":{"rendered":"https:\/\/ies6043-sal.infd.edu.ar\/sitio\/inscripciones-periodo-2018\/"},"modified":"2021-03-09T20:32:20","modified_gmt":"2021-03-09T23:32:20","slug":"resoluciones-carreras","status":"publish","type":"page","link":"https:\/\/ies6043-sal.infd.edu.ar\/sitio\/resoluciones-carreras\/","title":{"rendered":"Resoluciones de Inter\u00e9s del Alumno"},"content":{"rendered":"<hr \/>\n<p><img decoding=\"async\" loading=\"lazy\" class=\"size-full wp-image-1124 aligncenter\" src=\"https:\/\/ies6043-sal.infd.edu.ar\/sitio\/wp-content\/uploads\/2020\/10\/minedu.png\" alt=\"\" width=\"461\" height=\"109\" \/><\/p>\n<p style=\"text-align: center;\"><b>DIRECCI\u00d3N\u00a0GENERAL DE EDUCACI\u00d3N\u00a0SUPERIOR<\/b><\/p>\n<p><img decoding=\"async\" loading=\"lazy\" class=\"alignnone size-full wp-image-1205\" src=\"https:\/\/ies6043-sal.infd.edu.ar\/sitio\/wp-content\/uploads\/2021\/03\/foto-cabecera.png\" alt=\"\" width=\"476\" height=\"158\" \/><\/p>\n<h3 style=\"text-align: center;\"><span style=\"color: #0000ff;\"><span style=\"color: #0000ff;\">Resoluciones Carreras y Correlatividades\u00a0del Profesorado<\/span><\/span><\/h3>\n<p>&nbsp;<\/p>\n<p><img decoding=\"async\" loading=\"lazy\" class=\"alignnone size-full wp-image-1206\" src=\"https:\/\/ies6043-sal.infd.edu.ar\/sitio\/wp-content\/uploads\/2021\/03\/mate.png\" alt=\"\" width=\"555\" height=\"39\" \/><\/p>\n<p><a href=\"https:\/\/1drv.ms\/b\/s!AkVhchIXd4h83AWkY8l7AA6wv6fC\" target=\"_blank\" rel=\"noopener\">Res-3125-14.Matematica_pdf.pdf<\/a><\/p>\n<p><img decoding=\"async\" loading=\"lazy\" class=\"alignnone size-full wp-image-1207\" src=\"https:\/\/ies6043-sal.infd.edu.ar\/sitio\/wp-content\/uploads\/2021\/03\/leng.png\" alt=\"\" width=\"606\" height=\"42\" \/><\/p>\n<p><a href=\"https:\/\/1drv.ms\/b\/s!AkVhchIXd4h83ALFae-mFis0Ztv4\" target=\"_blank\" rel=\"noopener\">Res._3126-14_Prof._de_Educ._Secundaria_en_Lengua_y_Literatura.pdf<\/a><\/p>\n<p><img decoding=\"async\" loading=\"lazy\" class=\"alignnone size-full wp-image-1209\" src=\"https:\/\/ies6043-sal.infd.edu.ar\/sitio\/wp-content\/uploads\/2021\/03\/eco-1.png\" alt=\"\" width=\"606\" height=\"42\" \/><\/p>\n<p><a href=\"https:\/\/1drv.ms\/b\/s!AkVhchIXd4h83AOaKZJyUXkIA8lA\" target=\"_blank\" rel=\"noopener\">Res-1210-14_Prof._de_Economia_1.pdf<\/a><\/p>\n<h4><span style=\"color: #202c38;\"><strong>\u00a0 . CORRELATIVIDADES<\/strong><\/span><\/h4>\n<p><a href=\"https:\/\/1drv.ms\/b\/s!AkVhchIXd4h83ATIUbuieUUhWShl\" target=\"_blank\" rel=\"noopener\">Res-2797-16._Correlatividades_de carreras Profesorados en Matem\u00e1tica, Lengua y Econom\u00eda.pdf<\/a><\/p>\n<p><img decoding=\"async\" loading=\"lazy\" class=\"alignnone size-full wp-image-1210\" src=\"https:\/\/ies6043-sal.infd.edu.ar\/sitio\/wp-content\/uploads\/2021\/03\/rh.png\" alt=\"\" width=\"606\" height=\"42\" \/><\/p>\n<p><a href=\"https:\/\/1drv.ms\/b\/s!AkVhchIXd4h83Ab4Qp8cpxhIqI7-\" target=\"_blank\" rel=\"noopener\">Tecnicatura de RRHH Res-8966-18 incluye r\u00e9gimen de correlatividades pag 52 y 53.pdf<\/a><\/p>\n<p>&nbsp;<\/p>\n<p><img decoding=\"async\" style=\"display: block; margin-left: auto; margin-right: auto;\" src=\"https:\/\/encrypted-tbn2.gstatic.com\/images?q=tbn:ANd9GcRJUrjP42YYk3aotYVpbey_plJf8kho4kFUmnX0r_xzmTR3bzKx\" alt=\"Resultado de imagen para jorge luis borges frases\" border=\"0\" \/><\/p>\n","protected":false},"excerpt":{"rendered":"<p>DIRECCI\u00d3N\u00a0GENERAL DE EDUCACI\u00d3N\u00a0SUPERIOR Resoluciones Carreras y Correlatividades\u00a0del Profesorado &nbsp; Res-3125-14.Matematica_pdf.pdf Res._3126-14_Prof._de_Educ._Secundaria_en_Lengua_y_Literatura.pdf Res-1210-14_Prof._de_Economia_1.pdf \u00a0 . CORRELATIVIDADES Res-2797-16._Correlatividades_de carreras Profesorados en Matem\u00e1tica, Lengua y Econom\u00eda.pdf Tecnicatura de RRHH Res-8966-18 incluye r\u00e9gimen de correlatividades pag 52 y 53.pdf &nbsp;<\/p>\n","protected":false},"author":400,"featured_media":0,"parent":0,"menu_order":0,"comment_status":"closed","ping_status":"closed","template":"","meta":[],"acf":[],"_links":{"self":[{"href":"https:\/\/ies6043-sal.infd.edu.ar\/sitio\/wp-json\/wp\/v2\/pages\/862"}],"collection":[{"href":"https:\/\/ies6043-sal.infd.edu.ar\/sitio\/wp-json\/wp\/v2\/pages"}],"about":[{"href":"https:\/\/ies6043-sal.infd.edu.ar\/sitio\/wp-json\/wp\/v2\/types\/page"}],"author":[{"embeddable":true,"href":"https:\/\/ies6043-sal.infd.edu.ar\/sitio\/wp-json\/wp\/v2\/users\/400"}],"replies":[{"embeddable":true,"href":"https:\/\/ies6043-sal.infd.edu.ar\/sitio\/wp-json\/wp\/v2\/comments?post=862"}],"version-history":[{"count":29,"href":"https:\/\/ies6043-sal.infd.edu.ar\/sitio\/wp-json\/wp\/v2\/pages\/862\/revisions"}],"predecessor-version":[{"id":1563,"href":"https:\/\/ies6043-sal.infd.edu.ar\/sitio\/wp-json\/wp\/v2\/pages\/862\/revisions\/1563"}],"wp:attachment":[{"href":"https:\/\/ies6043-sal.infd.edu.ar\/sitio\/wp-json\/wp\/v2\/media?parent=862"}],"curies":[{"name":"wp","href":"https:\/\/api.w.org\/{rel}","templated":true}]}}