{"id":865,"date":"2018-08-29T14:10:16","date_gmt":"2018-08-29T17:10:16","guid":{"rendered":"https:\/\/ies6043-sal.infd.edu.ar\/sitio\/becas-estudiantiles-2018\/"},"modified":"2025-07-01T03:40:07","modified_gmt":"2025-07-01T06:40:07","slug":"becas","status":"publish","type":"page","link":"https:\/\/ies6043-sal.infd.edu.ar\/sitio\/becas\/","title":{"rendered":"Becas  Progresar"},"content":{"rendered":"<p style=\"text-align: center;\"><strong><a href=\"https:\/\/becasprogresar.educacion.gob.ar\/\">https:\/\/becasprogresar.educacion.gob.ar\/<\/a><\/strong><\/p>\n<section class=\"jumbotron\">\n<div class=\"jumbotron_body\">\n<div class=\"container\">\n<div class=\"row\">\n<div class=\"col-xs-12 col-md-8 col-md-offset-2 text-center\">\n<h1>Progres<u>ar<\/u><\/h1>\n<p dir=\"ltr\">Estimadas\/os<\/p>\n<p><span style=\"font-size: revert;\">Queremos acompa\u00f1ar a los y las j\u00f3venes para que finalicen sus estudios primarios o secundarios, que contin\u00faen en la educaci\u00f3n superior o se formen profesionalmente. Nuestro prop\u00f3sito es orientar la acci\u00f3n estatal en el sentido de las necesidades de desarrollo y crecimiento de la Argentina, garantizando condiciones igualitarias de acceso a la educaci\u00f3n, la permanencia y el egreso.<\/span><\/p>\n<\/div>\n<\/div>\n<\/div>\n<\/div>\n<\/section>\n<section class=\"container\">\n<div class=\"col-md-8 col-md-offset-2\">\n<div class=\"panel-pane\">\n<div class=\"pane-content\">\n<p>Buscamos garantizar el derecho a la educaci\u00f3n y fortalecer las trayectorias educativas de j\u00f3venes que quieran formarse profesionalmente, finalizar su educaci\u00f3n obligatoria o est\u00e9n estudiando una carrera del nivel superior.<\/p>\n<p><iframe loading=\"lazy\" title=\"Becas Progresar\" width=\"1200\" height=\"675\" src=\"https:\/\/www.youtube.com\/embed\/qbcqIKbey5o?feature=oembed\" frameborder=\"0\" allow=\"accelerometer; autoplay; clipboard-write; encrypted-media; gyroscope; picture-in-picture; web-share\" allowfullscreen><\/iframe><\/p>\n<p style=\"text-align: center;\"><a href=\"https:\/\/www.argentina.gob.ar\/educacion\/progresar\/requisitos\/progresar-nivel-obligatorio\" target=\"_blank\" rel=\"noopener\"><img decoding=\"async\" loading=\"lazy\" class=\"aligncenter size-full wp-image-1266\" src=\"https:\/\/ies6043-sal.infd.edu.ar\/sitio\/wp-content\/uploads\/2021\/03\/requi-obli.png\" alt=\"\" width=\"434\" height=\"78\" \/><\/a><\/p>\n<p><a href=\"https:\/\/www.argentina.gob.ar\/educacion\/progresar\/requisitos\/progresar-nivel-superior\" target=\"_blank\" rel=\"noopener\"><img decoding=\"async\" loading=\"lazy\" class=\"aligncenter size-full wp-image-1257\" src=\"https:\/\/ies6043-sal.infd.edu.ar\/sitio\/wp-content\/uploads\/2021\/03\/requi-prog.png\" alt=\"\" width=\"401\" height=\"80\" \/><\/a><\/p>\n<p style=\"text-align: center;\"><a href=\"https:\/\/becasprogresar.educacion.gob.ar\/inicio_nivel_superior.php\" target=\"_blank\" rel=\"noopener\"><img decoding=\"async\" loading=\"lazy\" class=\"aligncenter size-full wp-image-1258\" src=\"https:\/\/ies6043-sal.infd.edu.ar\/sitio\/wp-content\/uploads\/2021\/03\/insc-super.png\" alt=\"\" width=\"549\" height=\"417\" \/><\/a>Si olvidaste tus datos de acceso a la Plataforma Progresar Llama al 08009991066<\/p>\n<p><a href=\"https:\/\/www.argentina.gob.ar\/educacion\/progresar\/boletines-informativos-2021\/montos\" target=\"_blank\" rel=\"noopener\"><img decoding=\"async\" loading=\"lazy\" class=\"aligncenter size-full wp-image-1260\" src=\"https:\/\/ies6043-sal.infd.edu.ar\/sitio\/wp-content\/uploads\/2021\/03\/monto-prog.png\" alt=\"\" width=\"157\" height=\"75\" \/><\/a>\u00a0<a href=\"https:\/\/www.argentina.gob.ar\/educacion\/progresar\/preguntas-frecuentes-progresar\" target=\"_blank\" rel=\"noopener\"><img decoding=\"async\" loading=\"lazy\" class=\"aligncenter size-full wp-image-1261\" src=\"https:\/\/ies6043-sal.infd.edu.ar\/sitio\/wp-content\/uploads\/2021\/03\/preg-fec.png\" alt=\"\" width=\"309\" height=\"76\" \/><\/a><\/p>\n<p style=\"text-align: center;\"><a href=\"https:\/\/www.argentina.gob.ar\/educacion\/progresar\/cronograma\" target=\"_blank\" rel=\"noopener\"><img decoding=\"async\" loading=\"lazy\" class=\"aligncenter size-full wp-image-1262\" src=\"https:\/\/ies6043-sal.infd.edu.ar\/sitio\/wp-content\/uploads\/2021\/03\/cron-pagp.png\" alt=\"\" width=\"310\" height=\"77\" \/><\/a><\/p>\n<\/div>\n<div class=\"pane-content\">\n<h3>Te invitamos a descargar la app\u00a0<a href=\"https:\/\/play.google.com\/store\/apps\/details?id=ar.com.progresar\" target=\"_blank\" rel=\"noopener\"><strong>progresar+<\/strong><\/a>.<\/h3>\n<p style=\"text-align: center;\">\u00a0<\/p>\n<\/div>\n<\/div>\n<\/div>\n<\/section>\n\n\n<hr class=\"wp-block-separator has-alpha-channel-opacity\"\/>\n","protected":false},"excerpt":{"rendered":"<p>https:\/\/becasprogresar.educacion.gob.ar\/ Progresar Estimadas\/os Queremos acompa\u00f1ar a los y las j\u00f3venes para que finalicen sus estudios primarios o secundarios, que contin\u00faen en la educaci\u00f3n superior o se formen profesionalmente. Nuestro prop\u00f3sito es orientar la acci\u00f3n estatal en el sentido de las necesidades de desarrollo y crecimiento de la Argentina, garantizando condiciones igualitarias de acceso a la &#8230; <a title=\"Becas  Progresar\" class=\"read-more\" href=\"https:\/\/ies6043-sal.infd.edu.ar\/sitio\/becas\/\" aria-label=\"More on Becas  Progresar\">[+]<\/a><\/p>\n","protected":false},"author":2779,"featured_media":0,"parent":0,"menu_order":0,"comment_status":"closed","ping_status":"closed","template":"","meta":[],"acf":[],"_links":{"self":[{"href":"https:\/\/ies6043-sal.infd.edu.ar\/sitio\/wp-json\/wp\/v2\/pages\/865"}],"collection":[{"href":"https:\/\/ies6043-sal.infd.edu.ar\/sitio\/wp-json\/wp\/v2\/pages"}],"about":[{"href":"https:\/\/ies6043-sal.infd.edu.ar\/sitio\/wp-json\/wp\/v2\/types\/page"}],"author":[{"embeddable":true,"href":"https:\/\/ies6043-sal.infd.edu.ar\/sitio\/wp-json\/wp\/v2\/users\/2779"}],"replies":[{"embeddable":true,"href":"https:\/\/ies6043-sal.infd.edu.ar\/sitio\/wp-json\/wp\/v2\/comments?post=865"}],"version-history":[{"count":27,"href":"https:\/\/ies6043-sal.infd.edu.ar\/sitio\/wp-json\/wp\/v2\/pages\/865\/revisions"}],"predecessor-version":[{"id":1653,"href":"https:\/\/ies6043-sal.infd.edu.ar\/sitio\/wp-json\/wp\/v2\/pages\/865\/revisions\/1653"}],"wp:attachment":[{"href":"https:\/\/ies6043-sal.infd.edu.ar\/sitio\/wp-json\/wp\/v2\/media?parent=865"}],"curies":[{"name":"wp","href":"https:\/\/api.w.org\/{rel}","templated":true}]}}