{"id":923,"date":"2018-08-29T14:10:36","date_gmt":"2018-08-29T17:10:36","guid":{"rendered":"https:\/\/ies6043-sal.infd.edu.ar\/sitio\/carreras-2\/"},"modified":"2025-07-01T04:38:21","modified_gmt":"2025-07-01T07:38:21","slug":"carreras-2","status":"publish","type":"page","link":"https:\/\/ies6043-sal.infd.edu.ar\/sitio\/carreras-2\/","title":{"rendered":"&#x1f4da;Carreras Vigentes"},"content":{"rendered":"\n<pre class=\"wp-block-preformatted\">En este espacio podr\u00e1s ver nuestra oferta acad\u00e9mica 2025-2026 en nuestras dos Sedes (Salta y Cerrillos)<\/pre>\n\n\n\n<div class=\"wp-block-columns is-layout-flex wp-container-3\">\n<div class=\"wp-block-column is-layout-flow\" style=\"flex-basis:66.66%\">\n<figure class=\"wp-block-image size-large\"><img decoding=\"async\" loading=\"lazy\" width=\"1900\" height=\"1069\" src=\"https:\/\/ies6043-sal.infd.edu.ar\/sitio\/wp-content\/uploads\/2025\/06\/003-Profesorado-en-Lengua-y-Literatura6043-1900x1069.jpg\" alt=\"\" class=\"wp-image-1548\" srcset=\"https:\/\/ies6043-sal.infd.edu.ar\/sitio\/wp-content\/uploads\/2025\/06\/003-Profesorado-en-Lengua-y-Literatura6043-1900x1069.jpg 1900w, https:\/\/ies6043-sal.infd.edu.ar\/sitio\/wp-content\/uploads\/2025\/06\/003-Profesorado-en-Lengua-y-Literatura6043-1000x563.jpg 1000w, https:\/\/ies6043-sal.infd.edu.ar\/sitio\/wp-content\/uploads\/2025\/06\/003-Profesorado-en-Lengua-y-Literatura6043-768x432.jpg 768w, https:\/\/ies6043-sal.infd.edu.ar\/sitio\/wp-content\/uploads\/2025\/06\/003-Profesorado-en-Lengua-y-Literatura6043-1536x864.jpg 1536w, https:\/\/ies6043-sal.infd.edu.ar\/sitio\/wp-content\/uploads\/2025\/06\/003-Profesorado-en-Lengua-y-Literatura6043.jpg 1920w\" sizes=\"(max-width: 1900px) 100vw, 1900px\" \/><\/figure>\n<\/div>\n\n\n\n<div class=\"wp-block-column is-vertically-aligned-center is-layout-flow\" style=\"flex-basis:33.33%\">\n<p>Enlace de Acceso al Plan de Estudios de la carrera<\/p>\n\n\n\n<p>Breve descripci\u00f3n de la carrera (en construcci\u00f3n)&#8230;<\/p>\n\n\n<div class=\"wp-block-image\">\n<figure class=\"aligncenter size-full\"><img decoding=\"async\" loading=\"lazy\" width=\"220\" height=\"165\" src=\"https:\/\/ies6043-sal.infd.edu.ar\/sitio\/wp-content\/uploads\/2025\/06\/grill-simpsons.gif\" alt=\"\" class=\"wp-image-1590\"\/><\/figure><\/div><\/div>\n<\/div>\n\n\n\n<div class=\"wp-block-columns is-layout-flex wp-container-6\">\n<div class=\"wp-block-column is-layout-flow\" style=\"flex-basis:66.66%\">\n<figure class=\"wp-block-image size-large\"><img decoding=\"async\" loading=\"lazy\" width=\"1900\" height=\"1069\" src=\"https:\/\/ies6043-sal.infd.edu.ar\/sitio\/wp-content\/uploads\/2025\/06\/004-Profesorado-en-Matematica-6043-Salta--1900x1069.jpg\" alt=\"\" class=\"wp-image-1549\" srcset=\"https:\/\/ies6043-sal.infd.edu.ar\/sitio\/wp-content\/uploads\/2025\/06\/004-Profesorado-en-Matematica-6043-Salta--1900x1069.jpg 1900w, https:\/\/ies6043-sal.infd.edu.ar\/sitio\/wp-content\/uploads\/2025\/06\/004-Profesorado-en-Matematica-6043-Salta--1000x563.jpg 1000w, https:\/\/ies6043-sal.infd.edu.ar\/sitio\/wp-content\/uploads\/2025\/06\/004-Profesorado-en-Matematica-6043-Salta--768x432.jpg 768w, https:\/\/ies6043-sal.infd.edu.ar\/sitio\/wp-content\/uploads\/2025\/06\/004-Profesorado-en-Matematica-6043-Salta--1536x864.jpg 1536w, https:\/\/ies6043-sal.infd.edu.ar\/sitio\/wp-content\/uploads\/2025\/06\/004-Profesorado-en-Matematica-6043-Salta-.jpg 1920w\" sizes=\"(max-width: 1900px) 100vw, 1900px\" \/><\/figure>\n<\/div>\n\n\n\n<div class=\"wp-block-column is-vertically-aligned-center is-layout-flow\" style=\"flex-basis:33.33%\">\n<p>Enlace de Acceso al Plan de Estudios de la carrera<\/p>\n\n\n\n<p>Breve descripci\u00f3n de la carrera (en construcci\u00f3n)\u2026<\/p>\n\n\n<div class=\"wp-block-image\">\n<figure class=\"aligncenter size-full\"><img decoding=\"async\" loading=\"lazy\" width=\"220\" height=\"165\" src=\"https:\/\/ies6043-sal.infd.edu.ar\/sitio\/wp-content\/uploads\/2025\/06\/grill-simpsons.gif\" alt=\"\" class=\"wp-image-1590\"\/><\/figure><\/div><\/div>\n<\/div>\n\n\n\n<div class=\"wp-block-columns is-layout-flex wp-container-9\">\n<div class=\"wp-block-column is-layout-flow\" style=\"flex-basis:66.66%\">\n<figure class=\"wp-block-image size-large\"><img decoding=\"async\" loading=\"lazy\" width=\"1900\" height=\"1069\" src=\"https:\/\/ies6043-sal.infd.edu.ar\/sitio\/wp-content\/uploads\/2025\/06\/005-Tec.-Superior-en-Gestion-de-RR.-HH-1900x1069.jpg\" alt=\"\" class=\"wp-image-1550\" srcset=\"https:\/\/ies6043-sal.infd.edu.ar\/sitio\/wp-content\/uploads\/2025\/06\/005-Tec.-Superior-en-Gestion-de-RR.-HH-1900x1069.jpg 1900w, https:\/\/ies6043-sal.infd.edu.ar\/sitio\/wp-content\/uploads\/2025\/06\/005-Tec.-Superior-en-Gestion-de-RR.-HH-1000x563.jpg 1000w, https:\/\/ies6043-sal.infd.edu.ar\/sitio\/wp-content\/uploads\/2025\/06\/005-Tec.-Superior-en-Gestion-de-RR.-HH-768x432.jpg 768w, https:\/\/ies6043-sal.infd.edu.ar\/sitio\/wp-content\/uploads\/2025\/06\/005-Tec.-Superior-en-Gestion-de-RR.-HH-1536x864.jpg 1536w, https:\/\/ies6043-sal.infd.edu.ar\/sitio\/wp-content\/uploads\/2025\/06\/005-Tec.-Superior-en-Gestion-de-RR.-HH.jpg 1920w\" sizes=\"(max-width: 1900px) 100vw, 1900px\" \/><\/figure>\n<\/div>\n\n\n\n<div class=\"wp-block-column is-vertically-aligned-center is-layout-flow\" style=\"flex-basis:33.33%\">\n<p>Enlace de Acceso al Plan de Estudios de la carrera<\/p>\n\n\n\n<p>Breve descripci\u00f3n de la carrera (en construcci\u00f3n)\u2026<\/p>\n\n\n<div class=\"wp-block-image\">\n<figure class=\"aligncenter size-full\"><img decoding=\"async\" loading=\"lazy\" width=\"220\" height=\"165\" src=\"https:\/\/ies6043-sal.infd.edu.ar\/sitio\/wp-content\/uploads\/2025\/06\/grill-simpsons.gif\" alt=\"\" class=\"wp-image-1590\"\/><\/figure><\/div><\/div>\n<\/div>\n\n\n\n<div class=\"wp-block-columns is-layout-flex wp-container-12\">\n<div class=\"wp-block-column is-layout-flow\" style=\"flex-basis:66.66%\">\n<figure class=\"wp-block-image size-large\"><img decoding=\"async\" loading=\"lazy\" width=\"1900\" height=\"1069\" src=\"https:\/\/ies6043-sal.infd.edu.ar\/sitio\/wp-content\/uploads\/2025\/06\/002-Profesorado-en-Matematica-6043-Cerrillos-1900x1069.jpg\" alt=\"\" class=\"wp-image-1547\" srcset=\"https:\/\/ies6043-sal.infd.edu.ar\/sitio\/wp-content\/uploads\/2025\/06\/002-Profesorado-en-Matematica-6043-Cerrillos-1900x1069.jpg 1900w, https:\/\/ies6043-sal.infd.edu.ar\/sitio\/wp-content\/uploads\/2025\/06\/002-Profesorado-en-Matematica-6043-Cerrillos-1000x563.jpg 1000w, https:\/\/ies6043-sal.infd.edu.ar\/sitio\/wp-content\/uploads\/2025\/06\/002-Profesorado-en-Matematica-6043-Cerrillos-768x432.jpg 768w, https:\/\/ies6043-sal.infd.edu.ar\/sitio\/wp-content\/uploads\/2025\/06\/002-Profesorado-en-Matematica-6043-Cerrillos-1536x864.jpg 1536w, https:\/\/ies6043-sal.infd.edu.ar\/sitio\/wp-content\/uploads\/2025\/06\/002-Profesorado-en-Matematica-6043-Cerrillos.jpg 1920w\" sizes=\"(max-width: 1900px) 100vw, 1900px\" \/><\/figure>\n<\/div>\n\n\n\n<div class=\"wp-block-column is-vertically-aligned-center is-layout-flow\" style=\"flex-basis:33.33%\">\n<p>Enlace de Acceso al Plan de Estudios de la carrera<\/p>\n\n\n\n<p>Breve descripci\u00f3n de la carrera (en construcci\u00f3n)\u2026<\/p>\n\n\n<div class=\"wp-block-image\">\n<figure class=\"aligncenter size-full\"><img decoding=\"async\" loading=\"lazy\" width=\"220\" height=\"165\" src=\"https:\/\/ies6043-sal.infd.edu.ar\/sitio\/wp-content\/uploads\/2025\/06\/grill-simpsons.gif\" alt=\"\" class=\"wp-image-1590\"\/><\/figure><\/div><\/div>\n<\/div>\n\n\n\n<div class=\"wp-block-columns is-layout-flex wp-container-15\">\n<div class=\"wp-block-column is-layout-flow\" style=\"flex-basis:66.66%\">\n<figure class=\"wp-block-image size-large\"><img decoding=\"async\" loading=\"lazy\" width=\"1900\" height=\"1069\" src=\"https:\/\/ies6043-sal.infd.edu.ar\/sitio\/wp-content\/uploads\/2025\/06\/001-Profesorado-en-Economia-6043-Cerrillos-1900x1069.jpg\" alt=\"\" class=\"wp-image-1546\" srcset=\"https:\/\/ies6043-sal.infd.edu.ar\/sitio\/wp-content\/uploads\/2025\/06\/001-Profesorado-en-Economia-6043-Cerrillos-1900x1069.jpg 1900w, https:\/\/ies6043-sal.infd.edu.ar\/sitio\/wp-content\/uploads\/2025\/06\/001-Profesorado-en-Economia-6043-Cerrillos-1000x563.jpg 1000w, https:\/\/ies6043-sal.infd.edu.ar\/sitio\/wp-content\/uploads\/2025\/06\/001-Profesorado-en-Economia-6043-Cerrillos-768x432.jpg 768w, https:\/\/ies6043-sal.infd.edu.ar\/sitio\/wp-content\/uploads\/2025\/06\/001-Profesorado-en-Economia-6043-Cerrillos-1536x864.jpg 1536w, https:\/\/ies6043-sal.infd.edu.ar\/sitio\/wp-content\/uploads\/2025\/06\/001-Profesorado-en-Economia-6043-Cerrillos.jpg 1920w\" sizes=\"(max-width: 1900px) 100vw, 1900px\" \/><\/figure>\n<\/div>\n\n\n\n<div class=\"wp-block-column is-vertically-aligned-center is-layout-flow\" style=\"flex-basis:33.33%\">\n<p>Enlace de Acceso al Plan de Estudios de la carrera<\/p>\n\n\n\n<p>Breve descripci\u00f3n de la carrera (en construcci\u00f3n)\u2026<\/p>\n\n\n<div class=\"wp-block-image\">\n<figure class=\"aligncenter size-full\"><img decoding=\"async\" loading=\"lazy\" width=\"220\" height=\"165\" src=\"https:\/\/ies6043-sal.infd.edu.ar\/sitio\/wp-content\/uploads\/2025\/06\/grill-simpsons.gif\" alt=\"\" class=\"wp-image-1590\"\/><\/figure><\/div><\/div>\n<\/div>\n","protected":false},"excerpt":{"rendered":"<p>En este espacio podr\u00e1s ver nuestra oferta acad\u00e9mica 2025-2026 en nuestras dos Sedes (Salta y Cerrillos) Enlace de Acceso al Plan de Estudios de la carrera Breve descripci\u00f3n de la carrera (en construcci\u00f3n)&#8230; Enlace de Acceso al Plan de Estudios de la carrera Breve descripci\u00f3n de la carrera (en construcci\u00f3n)\u2026 Enlace de Acceso al Plan &#8230; <a title=\"&#x1f4da;Carreras Vigentes\" class=\"read-more\" href=\"https:\/\/ies6043-sal.infd.edu.ar\/sitio\/carreras-2\/\" aria-label=\"More on &#x1f4da;Carreras Vigentes\">[+]<\/a><\/p>\n","protected":false},"author":400,"featured_media":0,"parent":0,"menu_order":0,"comment_status":"closed","ping_status":"closed","template":"","meta":[],"acf":[],"_links":{"self":[{"href":"https:\/\/ies6043-sal.infd.edu.ar\/sitio\/wp-json\/wp\/v2\/pages\/923"}],"collection":[{"href":"https:\/\/ies6043-sal.infd.edu.ar\/sitio\/wp-json\/wp\/v2\/pages"}],"about":[{"href":"https:\/\/ies6043-sal.infd.edu.ar\/sitio\/wp-json\/wp\/v2\/types\/page"}],"author":[{"embeddable":true,"href":"https:\/\/ies6043-sal.infd.edu.ar\/sitio\/wp-json\/wp\/v2\/users\/400"}],"replies":[{"embeddable":true,"href":"https:\/\/ies6043-sal.infd.edu.ar\/sitio\/wp-json\/wp\/v2\/comments?post=923"}],"version-history":[{"count":4,"href":"https:\/\/ies6043-sal.infd.edu.ar\/sitio\/wp-json\/wp\/v2\/pages\/923\/revisions"}],"predecessor-version":[{"id":1676,"href":"https:\/\/ies6043-sal.infd.edu.ar\/sitio\/wp-json\/wp\/v2\/pages\/923\/revisions\/1676"}],"wp:attachment":[{"href":"https:\/\/ies6043-sal.infd.edu.ar\/sitio\/wp-json\/wp\/v2\/media?parent=923"}],"curies":[{"name":"wp","href":"https:\/\/api.w.org\/{rel}","templated":true}]}}